{"id":470,"date":"2011-04-15T09:57:44","date_gmt":"2011-04-15T09:57:44","guid":{"rendered":"http:\/\/arte.vmribeiro.net\/wp-content\/uploads\/2011\/04\/245212846_d2cdfacdc0.jpg"},"modified":"2011-04-15T09:57:44","modified_gmt":"2011-04-15T09:57:44","slug":"245212846_d2cdfacdc0","status":"inherit","type":"attachment","link":"http:\/\/arte.vmribeiro.net\/?attachment_id=470","title":{"rendered":"Capit\u00e9is rom\u00e2nicos das colunas do \u00e1trio da Igreja San Martin (S\u00e9c. XII)"},"author":1,"featured_media":0,"comment_status":"open","ping_status":"open","template":"","meta":[],"class_list":["post-470","attachment","type-attachment","status-inherit","hentry"],"description":{"rendered":"<p class=\"attachment\"><a href='http:\/\/arte.vmribeiro.net\/wp-content\/uploads\/2011\/04\/245212846_d2cdfacdc0.jpg'><img loading=\"lazy\" decoding=\"async\" width=\"223\" height=\"300\" src=\"http:\/\/arte.vmribeiro.net\/wp-content\/uploads\/2011\/04\/245212846_d2cdfacdc0-223x300.jpg\" class=\"attachment-medium size-medium\" alt=\"SEG\u00d3VIA (Espanha): Capit\u00e9is rom\u00e2nicos das colunas do \u00e1trio da Igreja San Martin (S\u00e9c. XII).\" srcset=\"http:\/\/arte.vmribeiro.net\/wp-content\/uploads\/2011\/04\/245212846_d2cdfacdc0-223x300.jpg 223w, http:\/\/arte.vmribeiro.net\/wp-content\/uploads\/2011\/04\/245212846_d2cdfacdc0.jpg 373w\" sizes=\"auto, 100vw\" \/><\/a><\/p>\n<p>SEG\u00d3VIA (Espanha): Capit\u00e9is rom\u00e2nicos das colunas do \u00e1trio da Igreja San Martin (S\u00e9c. XII).<\/p>\n"},"caption":{"rendered":"<p>SEG\u00d3VIA (Espanha): Capit\u00e9is rom\u00e2nicos das colunas do \u00e1trio da Igreja San Martin (S\u00e9c. XII).<\/p>\n"},"alt_text":"SEG\u00d3VIA (Espanha): Capit\u00e9is rom\u00e2nicos das colunas do \u00e1trio da Igreja San Martin (S\u00e9c. XII).","media_type":"image","mime_type":"image\/jpeg","media_details":{"width":"373","height":"500","hwstring_small":"height='96' width='71'","file":"2011\/04\/245212846_d2cdfacdc0.jpg","sizes":{"thumbnail":{"file":"245212846_d2cdfacdc0-150x150.jpg","width":"150","height":"150","source_url":"http:\/\/arte.vmribeiro.net\/wp-content\/uploads\/2011\/04\/245212846_d2cdfacdc0-150x150.jpg"},"medium":{"file":"245212846_d2cdfacdc0-223x300.jpg","width":"223","height":"300","source_url":"http:\/\/arte.vmribeiro.net\/wp-content\/uploads\/2011\/04\/245212846_d2cdfacdc0-223x300.jpg"},"full":{"file":"245212846_d2cdfacdc0.jpg","width":373,"height":500,"mime_type":"image\/jpeg","source_url":"http:\/\/arte.vmribeiro.net\/wp-content\/uploads\/2011\/04\/245212846_d2cdfacdc0.jpg"}},"image_meta":{"aperture":"0","credit":"","camera":"","caption":"","created_timestamp":"0","copyright":"","focal_length":"0","iso":"0","shutter_speed":"0","title":""}},"post":467,"source_url":"http:\/\/arte.vmribeiro.net\/wp-content\/uploads\/2011\/04\/245212846_d2cdfacdc0.jpg","_links":{"self":[{"href":"http:\/\/arte.vmribeiro.net\/index.php?rest_route=\/wp\/v2\/media\/470","targetHints":{"allow":["GET"]}}],"collection":[{"href":"http:\/\/arte.vmribeiro.net\/index.php?rest_route=\/wp\/v2\/media"}],"about":[{"href":"http:\/\/arte.vmribeiro.net\/index.php?rest_route=\/wp\/v2\/types\/attachment"}],"author":[{"embeddable":true,"href":"http:\/\/arte.vmribeiro.net\/index.php?rest_route=\/wp\/v2\/users\/1"}],"replies":[{"embeddable":true,"href":"http:\/\/arte.vmribeiro.net\/index.php?rest_route=%2Fwp%2Fv2%2Fcomments&post=470"}]}}

Capitéis românicos das colunas do átrio da Igreja San Martin (Séc. XII)

<p class="attachment"><a href='http://arte.vmribeiro.net/wp-content/uploads/2011/04/245212846_d2cdfacdc0.jpg'><img loading="lazy" decoding="async" width="223" height="300" src="http://arte.vmribeiro.net/wp-content/uploads/2011/04/245212846_d2cdfacdc0-223x300.jpg" class="attachment-medium size-medium" alt="SEGÓVIA (Espanha): Capitéis românicos das colunas do átrio da Igreja San Martin (Séc. XII)." srcset="http://arte.vmribeiro.net/wp-content/uploads/2011/04/245212846_d2cdfacdc0-223x300.jpg 223w, http://arte.vmribeiro.net/wp-content/uploads/2011/04/245212846_d2cdfacdc0.jpg 373w" sizes="auto, 100vw" /></a></p>
<p>SEGÓVIA (Espanha): Capitéis românicos das colunas do átrio da Igreja San Martin (Séc. XII).</p>

<p>SEGÓVIA (Espanha): Capitéis românicos das colunas do átrio da Igreja San Martin (Séc. XII).</p>

SEGÓVIA (Espanha): Capitéis românicos das colunas do átrio da Igreja San Martin (Séc. XII).
