{"id":716,"date":"2011-09-14T15:06:47","date_gmt":"2011-09-14T15:06:47","guid":{"rendered":"http:\/\/arte.vmribeiro.net\/wp-content\/uploads\/2011\/09\/433271158_c9f2408c10.jpg"},"modified":"2011-09-14T15:06:47","modified_gmt":"2011-09-14T15:06:47","slug":"433271158_c9f2408c10","status":"inherit","type":"attachment","link":"http:\/\/arte.vmribeiro.net\/?attachment_id=716","title":{"rendered":"T\u00edmpano da porta sul"},"author":1,"featured_media":0,"comment_status":"open","ping_status":"open","template":"","meta":[],"class_list":["post-716","attachment","type-attachment","status-inherit","hentry"],"description":{"rendered":"<p class=\"attachment\"><a href='http:\/\/arte.vmribeiro.net\/wp-content\/uploads\/2011\/09\/433271158_c9f2408c10.jpg'><img loading=\"lazy\" decoding=\"async\" width=\"300\" height=\"222\" src=\"http:\/\/arte.vmribeiro.net\/wp-content\/uploads\/2011\/09\/433271158_c9f2408c10-300x222.jpg\" class=\"attachment-medium size-medium\" alt=\"FELGUEIRAS (Portugal): T\u00edmpano da porta sul da Igreja de S\u00e3o Vicente M\u00e1rtir (matriz de Sousa).\" srcset=\"http:\/\/arte.vmribeiro.net\/wp-content\/uploads\/2011\/09\/433271158_c9f2408c10-300x222.jpg 300w, http:\/\/arte.vmribeiro.net\/wp-content\/uploads\/2011\/09\/433271158_c9f2408c10.jpg 500w\" sizes=\"auto, 100vw\" \/><\/a><\/p>\n<p>FELGUEIRAS (Portugal): T\u00edmpano da porta sul da Igreja de S\u00e3o Vicente M\u00e1rtir (matriz de Sousa).<\/p>\n"},"caption":{"rendered":"<p>FELGUEIRAS (Portugal): T\u00edmpano da porta sul da Igreja de S\u00e3o Vicente M\u00e1rtir (matriz de Sousa).<\/p>\n"},"alt_text":"FELGUEIRAS (Portugal): T\u00edmpano da porta sul da Igreja de S\u00e3o Vicente M\u00e1rtir (matriz de Sousa).","media_type":"image","mime_type":"image\/jpeg","media_details":{"width":"500","height":"371","hwstring_small":"height='94' width='128'","file":"2011\/09\/433271158_c9f2408c10.jpg","sizes":{"thumbnail":{"file":"433271158_c9f2408c10-150x150.jpg","width":"150","height":"150","source_url":"http:\/\/arte.vmribeiro.net\/wp-content\/uploads\/2011\/09\/433271158_c9f2408c10-150x150.jpg"},"medium":{"file":"433271158_c9f2408c10-300x222.jpg","width":"300","height":"222","source_url":"http:\/\/arte.vmribeiro.net\/wp-content\/uploads\/2011\/09\/433271158_c9f2408c10-300x222.jpg"},"full":{"file":"433271158_c9f2408c10.jpg","width":500,"height":371,"mime_type":"image\/jpeg","source_url":"http:\/\/arte.vmribeiro.net\/wp-content\/uploads\/2011\/09\/433271158_c9f2408c10.jpg"}},"image_meta":{"aperture":"0","credit":"","camera":"","caption":"","created_timestamp":"0","copyright":"","focal_length":"0","iso":"0","shutter_speed":"0","title":""}},"post":715,"source_url":"http:\/\/arte.vmribeiro.net\/wp-content\/uploads\/2011\/09\/433271158_c9f2408c10.jpg","_links":{"self":[{"href":"http:\/\/arte.vmribeiro.net\/index.php?rest_route=\/wp\/v2\/media\/716","targetHints":{"allow":["GET"]}}],"collection":[{"href":"http:\/\/arte.vmribeiro.net\/index.php?rest_route=\/wp\/v2\/media"}],"about":[{"href":"http:\/\/arte.vmribeiro.net\/index.php?rest_route=\/wp\/v2\/types\/attachment"}],"author":[{"embeddable":true,"href":"http:\/\/arte.vmribeiro.net\/index.php?rest_route=\/wp\/v2\/users\/1"}],"replies":[{"embeddable":true,"href":"http:\/\/arte.vmribeiro.net\/index.php?rest_route=%2Fwp%2Fv2%2Fcomments&post=716"}]}}

Tímpano da porta sul

<p class="attachment"><a href='http://arte.vmribeiro.net/wp-content/uploads/2011/09/433271158_c9f2408c10.jpg'><img loading="lazy" decoding="async" width="300" height="222" src="http://arte.vmribeiro.net/wp-content/uploads/2011/09/433271158_c9f2408c10-300x222.jpg" class="attachment-medium size-medium" alt="FELGUEIRAS (Portugal): Tímpano da porta sul da Igreja de São Vicente Mártir (matriz de Sousa)." srcset="http://arte.vmribeiro.net/wp-content/uploads/2011/09/433271158_c9f2408c10-300x222.jpg 300w, http://arte.vmribeiro.net/wp-content/uploads/2011/09/433271158_c9f2408c10.jpg 500w" sizes="auto, 100vw" /></a></p>
<p>FELGUEIRAS (Portugal): Tímpano da porta sul da Igreja de São Vicente Mártir (matriz de Sousa).</p>

<p>FELGUEIRAS (Portugal): Tímpano da porta sul da Igreja de São Vicente Mártir (matriz de Sousa).</p>

FELGUEIRAS (Portugal): Tímpano da porta sul da Igreja de São Vicente Mártir (matriz de Sousa).
