{"id":828,"date":"2012-10-02T16:51:10","date_gmt":"2012-10-02T16:51:10","guid":{"rendered":"http:\/\/arte.vmribeiro.net\/wp-content\/uploads\/2012\/10\/450537992_8569c6be30-2.jpg"},"modified":"2012-10-02T16:51:10","modified_gmt":"2012-10-02T16:51:10","slug":"450537992_8569c6be30-2","status":"inherit","type":"attachment","link":"http:\/\/arte.vmribeiro.net\/?attachment_id=828","title":{"rendered":"Pa\u00e7o dos Duques de Bragan\u00e7a"},"author":1,"featured_media":0,"comment_status":"open","ping_status":"open","template":"","meta":[],"class_list":["post-828","attachment","type-attachment","status-inherit","hentry"],"description":{"rendered":"<p class=\"attachment\"><a href='http:\/\/arte.vmribeiro.net\/wp-content\/uploads\/2012\/10\/450537992_8569c6be30-2.jpg'><img loading=\"lazy\" decoding=\"async\" width=\"300\" height=\"227\" src=\"http:\/\/arte.vmribeiro.net\/wp-content\/uploads\/2012\/10\/450537992_8569c6be30-2-300x227.jpg\" class=\"attachment-medium size-medium\" alt=\"GUIMAR\u00c3ES (Portugal): Pa\u00e7o dos Duques de Bragan\u00e7a.\" srcset=\"http:\/\/arte.vmribeiro.net\/wp-content\/uploads\/2012\/10\/450537992_8569c6be30-2-300x227.jpg 300w, http:\/\/arte.vmribeiro.net\/wp-content\/uploads\/2012\/10\/450537992_8569c6be30-2.jpg 500w\" sizes=\"auto, 100vw\" \/><\/a><\/p>\n<p>GUIMAR\u00c3ES (Portugal): Pa\u00e7o dos Duques de Bragan\u00e7a.<\/p>\n"},"caption":{"rendered":"<p>GUIMAR\u00c3ES (Portugal): Pa\u00e7o dos Duques de Bragan\u00e7a.<\/p>\n"},"alt_text":"GUIMAR\u00c3ES (Portugal): Pa\u00e7o dos Duques de Bragan\u00e7a.","media_type":"image","mime_type":"image\/jpeg","media_details":{"width":"500","height":"379","hwstring_small":"height='96' width='126'","file":"2012\/10\/450537992_8569c6be30-2.jpg","sizes":{"thumbnail":{"file":"450537992_8569c6be30-2-150x150.jpg","width":"150","height":"150","source_url":"http:\/\/arte.vmribeiro.net\/wp-content\/uploads\/2012\/10\/450537992_8569c6be30-2-150x150.jpg"},"medium":{"file":"450537992_8569c6be30-2-300x227.jpg","width":"300","height":"227","source_url":"http:\/\/arte.vmribeiro.net\/wp-content\/uploads\/2012\/10\/450537992_8569c6be30-2-300x227.jpg"},"full":{"file":"450537992_8569c6be30-2.jpg","width":500,"height":379,"mime_type":"image\/jpeg","source_url":"http:\/\/arte.vmribeiro.net\/wp-content\/uploads\/2012\/10\/450537992_8569c6be30-2.jpg"}},"image_meta":{"aperture":"0","credit":"","camera":"","caption":"","created_timestamp":"0","copyright":"","focal_length":"0","iso":"0","shutter_speed":"0","title":""}},"post":827,"source_url":"http:\/\/arte.vmribeiro.net\/wp-content\/uploads\/2012\/10\/450537992_8569c6be30-2.jpg","_links":{"self":[{"href":"http:\/\/arte.vmribeiro.net\/index.php?rest_route=\/wp\/v2\/media\/828","targetHints":{"allow":["GET"]}}],"collection":[{"href":"http:\/\/arte.vmribeiro.net\/index.php?rest_route=\/wp\/v2\/media"}],"about":[{"href":"http:\/\/arte.vmribeiro.net\/index.php?rest_route=\/wp\/v2\/types\/attachment"}],"author":[{"embeddable":true,"href":"http:\/\/arte.vmribeiro.net\/index.php?rest_route=\/wp\/v2\/users\/1"}],"replies":[{"embeddable":true,"href":"http:\/\/arte.vmribeiro.net\/index.php?rest_route=%2Fwp%2Fv2%2Fcomments&post=828"}]}}

Paço dos Duques de Bragança

<p class="attachment"><a href='http://arte.vmribeiro.net/wp-content/uploads/2012/10/450537992_8569c6be30-2.jpg'><img loading="lazy" decoding="async" width="300" height="227" src="http://arte.vmribeiro.net/wp-content/uploads/2012/10/450537992_8569c6be30-2-300x227.jpg" class="attachment-medium size-medium" alt="GUIMARÃES (Portugal): Paço dos Duques de Bragança." srcset="http://arte.vmribeiro.net/wp-content/uploads/2012/10/450537992_8569c6be30-2-300x227.jpg 300w, http://arte.vmribeiro.net/wp-content/uploads/2012/10/450537992_8569c6be30-2.jpg 500w" sizes="auto, 100vw" /></a></p>
<p>GUIMARÃES (Portugal): Paço dos Duques de Bragança.</p>

<p>GUIMARÃES (Portugal): Paço dos Duques de Bragança.</p>

GUIMARÃES (Portugal): Paço dos Duques de Bragança.
